7 divide 32958204?
True
Is 667177852 a multiple of 473?
True
Is 760 a factor of 6865438?
False
Is 31 a factor of 63693065?
True
Does 953 divide 1267848744?
False
Is 5439240 a multiple of 58?
True
Is 6 a factor of 156233161?
False
Does 1514 divide 78415854?
False
Does 288 divide 39649536?
True
Is 106594504 a multiple of 1174?
True
Does 46 divide 59658064?
False
Is 676 a factor of 1261652841?
False
Does 71 divide 983712029?
True
Is 22191434 a multiple of 597?
False
Is 1289901340 a multiple of 4316?
True
Is 74 a factor of 4024848086?
True
Is 448104768 a multiple of 2397?
True
Does 90 divide 2646810?
True
Does 4 divide 50372916?
True
Is 497 a factor of 36191540?
True
Does 39 divide 1581668?
False
Is 1614 a factor of 59902663?
False
Does 14 divide 25474730?
False
Does 1384 divide 382370531?
False
Is 15479162 a multiple of 9?
False
Does 73 divide 31120947?
False
Is 2604477282 a multiple of 27?
False
Is 4500672 a multiple of 44?
True
Does 272 divide 20779095?
False
Is 60 a factor of 6388363?
False
Does 20 divide 29880148?
False
Is 2842955122 a multiple of 14?
True
Does 23 divide 208168262?
True
Is 310007566 a multiple of 932?
False
Is 146795279 a multiple of 56?
False
Is 184 a factor of 740227400?
True
Does 1169 divide 14731738?
True
Is 17 a factor of 355798423?
True
Is 2404120 a multiple of 20?
True
Does 35 divide 188323725?
False
Is 40402625 a multiple of 17?
True
Is 39 a factor of 114886629?
True
Is 89286091 a multiple of 179?
False
Does 54 divide 498779933?
False
Is 15844000 a multiple of 40?
True
Does 14 divide 27536572?
True
Does 10 divide 1155233400?
True
Is 31 a factor of 254241106?
True
Is 567452 a multiple of 4?
True
Is 21464695 a multiple of 80?
False
Is 1681279048 a multiple of 4619?
True
Is 1050142416 a multiple of 2832?
True
Is 39 a factor of 1205769770?
False
Is 15 a factor of 509711924?
False
Is 9 a factor of 698839947?
True
Is 2349 a factor of 13170606?
False
Does 52 divide 13162084?
True
Is 4078 a factor of 679053294?
False
Does 2229 divide 22920807?
True
Does 97 divide 24558589?
False
Is 6078888 a multiple of 1416?
True
Does 112 divide 1462418272?
True
Does 24 divide 1367400?
True
Does 1955 divide 49367287?
False
Is 288284171 a multiple of 7?
True
Does 3370 divide 26424170?
True
Is 12858332 a multiple of 167?
True
Is 40 a factor of 48532577?
False
Is 358 a factor of 83083208?
True
Does 501 divide 424722887?
False
Does 145 divide 1083768024?
False
Does 6 divide 41418174?
True
Is 1691445834 a multiple of 351?
True
Does 12 divide 98449605?
False
Is 9 a factor of 42577654?
False
Is 1309067067 a multiple of 259?
True
Does 287 divide 323580733?
True
Does 2173 divide 14649360?
False
Is 403 a factor of 9296304?
False
Does 425 divide 639828150?
True
Does 55 divide 67696695?
True
Does 427 divide 91917728?
True
Does 193 divide 109270617?
True
Is 13300404 a multiple of 78?
True
Is 39 a factor of 2046622134?
False
Is 41 a factor of 158899504?
False
Does 25 divide 396511575?
True
Is 16277410 a multiple of 497?
False
Is 618604025 a multiple of 84?
False
Does 53 divide 44343669?
True
Is 3828 a factor of 670638804?
True
Does 13 divide 39752818?
False
Is 1241 a factor of 46654154?
True
Is 99 a factor of 1290002548?
False
Is 822 a factor of 106938090?
True
Is 143 a factor of 56213114?
False
Is 26349782 a multiple of 433?
True
Does 1695 divide 1063275934?
False
Is 1610347950 a multiple of 3258?
True
Is 135926465 a multiple of 1220?
False
Is 509030388 a multiple of 77?
False
Is 6512 a factor of 504588832?
True
Does 22 divide 1508551?
False
Does 11 divide 24051170?
True
Is 3632618 a multiple of 419?
False
Is 17402432 a multiple of 319?
False
Is 140 a factor of 723007?
False
Is 14586709 a multiple of 116?
False
Is 12506198 a multiple of 65?
False
Does 4 divide 39921776?
True
Is 2132535035 a multiple of 10?
False
Does 1234 divide 168600186?
True
Is 55795628 a multiple of 266?
True
Is 3309 a factor of 212143299?
True
Is 71339450 a multiple of 650?
True
Is 30501148 a multiple of 628?
False
Is 720 a factor of 251142119?
False
Does 27 divide 123041646?
True
Does 71 divide 8608608?
True
Does 660 divide 8593860?
True
Does 354 divide 13168800?
True
Is 3 a factor of 378030357?
True
Does 2089 divide 3865263557?
False
Does 95 divide 29109455?
False
Is 6 a factor of 47993820?
True
Does 36 divide 43554780?
True
Does 29 divide 15102852?
True
Does 1954 divide 90204456?
True
Is 26453016 a multiple of 18?
True
Does 262 divide 17457890?
False
Is 45 a factor of 62834242?
False
Is 76285962 a multiple of 162?
True
Is 10 a factor of 11747610?
True
Is 58 a factor of 43946484?
True
Does 125 divide 153230772?
False
Is 2878907356 a multiple of 2934?
False
Is 5793 a factor of 3888192084?
True
Is 16 a factor of 2628532761?
False
Is 8943357 a multiple of 7?
False
Is 272510153 a multiple of 5?
False
Is 297 a factor of 18642781?
False
Is 22 a factor of 204042806?
True
Is 53387197 a multiple of 593?
True
Is 1515589600 a multiple of 350?
True
Does 1405 divide 12355298?
False
Is 65102721 a multiple of 703?
True
Is 7782701 a multiple of 13?
False
Is 252 a factor of 840591089?
False
Is 1069 a factor of 1788992392?
False
Does 78 divide 15732426?
False
Does 5 divide 48722098?
False
Is 2399 a factor of 27900124?
False
Is 177007545 a multiple of 13?
True
Is 1245305210 a multiple of 22?
False
Is 32 a factor of 55453221?
False
Is 6 a factor of 248259546?
True
Is 746657 a multiple of 2?
False
Does 63 divide 16246503?
True
Does 138 divide 32552958?
True
Is 6434 a factor of 1200108284?
True
Is 85 a factor of 2044442865?
True
Is 3114301 a multiple of 85?
False
Does 4 divide 5579443?
False
Is 123206009 a multiple of 1485?
False
Is 6 a factor of 1373761332?
True
Is 798 a factor of 50021261?
False
Is 344 a factor of 4794525112?
True
Does 130 divide 276865030?
True
Does 1126 divide 18776187?
False
Is 8123 a factor of 4359068158?
False
Is 1786 a factor of 2551142483?
False
Is 30 a factor of 80195561?
False
Is 59455996 a multiple of 4?
True
Does 43 divide 65020478?
False
Is 58 a factor of 78734555?
False
Does 372 divide 19463040?
True
Does 854 divide 444462592?
True
Is 283 a factor of 46190212?
False
Is 29829902 a multiple of 931?
False
Is 685062807 a multiple of 1221?
True
Is 72636180 a multiple of 4?
True
Does 72 divide 3674994057?
False
Is 25 a factor of 184830057?
False
Does 4558 divide 45415912?
True
Is 102 a factor of 760555878?
False
Is 766541760 a multiple of 140?
False
Is 966594176 a multiple of 171?
False
Is 965358 a multiple of 3?
True
Is 119707824 a multiple of 767?
False
Does 5461 divide 401973288?
True
Is 60 a factor of 13777260?
True
Is 171449510 a multiple of 82?
False
Is 39215335 a multiple of 4?
False
Does 57 divide 138443652?
True
Is 368 a factor of 10850480?
True
Is 9617 a factor of 1009996574?
True
Is 37306767 a multiple of 1543?
False
Does 20 divide 16486046?
False
Is 12 a factor of 23549339?
False
Is 87583367 a multiple of 3?
False
Is 1601 a factor of 323219895?
False
Is 270 a factor of 2186801010?
True
Does 1640 divide 337402120?
True
Is 164358018 a multiple of 5643?
True
Is 6403393 a multiple of 17?
False
Is 46957613 a multiple of 1934?
False
Does 418 divide 2223760?
True
Is 9 a factor of 85332999?
False
Is 152 a factor of 561508520?
True
Is 12851963 a multiple of 3?
False
Is 6678992001 a multiple of 1749?
True
Is 3074 a factor of 28954028?
False
Is 259 a factor of 15409723?
True
Does 3489 divide 374959299?
False
Is 148403603 a multiple of 16?
False
Does 6 divide 2602340?
False
Is 74290023 a multiple of 207?
True
Does 554 divide 31358616?
True
Is 181845792 a multiple of 10?
False
Is 247534877 a multiple of 2?
False
Is 112 a factor of 7357392?
True
Is 213 a factor of 2276544?
True
Does 7989 divide 3224136708?
True
Is 29540361 a multiple of 2?
False
Is 33 a factor of 397573650?
False
Is 310 a factor of 41292523?
False
Does 62 divide 276348012?
True
Is 493300370 a multiple of 1624?
False
Does 14 divide 194196408?
True
Is 1336 a factor of 26763225?
False
Does 68 divide 582127396?
True
Is 4 a factor of 28475646?
False
Is 303836788 a multiple of 446?
False
Is 86184264 a multiple of 2159?
False
Is 1366709597 a multiple of 26?
False
Is 19 a factor of 4801699?
True
Is 6294867 a multiple of 584?
False
Is 382359431 a multiple of 58?
False
Does 18 divide 396465210?
True
Is 11 a factor of